 = -11*d + 548. What are the prime factors of d?
2, 3
Suppose 999*s - 1004*s + g + 39881 = 0, -5*g = -4*s + 31909. List the prime factors of s.
2, 997
Let c(i) be the third derivative of 0*i + 0*i**5 - 1/120*i**6 + 0 - i**2 - 1/24*i**4 + 29/3*i**3. List the prime factors of c(0).
2, 29
Let f(t) = t**3 + 4*t**2 - 15*t - 35. Let h be f(25). Suppose -20*v = -2165 - h. What are the prime factors of v?
2, 7, 71
Let f be (2/(-2))/(51/(-6) - -8). Suppose -12*l + 1440 = -f*l. What are the prime factors of l?
2, 3
Suppose -259*x + 3051558 = -4915800. What are the prime factors of x?
2, 3, 1709
Let t be (-23)/(-8) + (-18)/(-144). Suppose -1133 - 1547 = -4*d - 2*z, 2019 = t*d - 3*z. What are the prime factors of d?
11, 61
Suppose -12*d - 93 - 27 = 0. What are the prime factors of 700*(1 + (6/d)/1)?
2, 5, 7
Let k(x) = -13*x**3 - 3*x**2 - 2*x + 2. Let z(n) = -28 + 0*n + n + 31. Let l be z(-5). List the prime factors of k(l).
2, 7
Let z = 15946 + -8825. List the prime factors of z.
7121
Suppose -5 = -5*l + 4*l. Suppose 5*j + 127 = -k - 15, -l*j - 10 = 0. Let x = k + 200. List the prime factors of x.
2, 17
Suppose -5*o - 4*u + 33934 = 0, -17*u = 2*o - 14*u - 13575. List the prime factors of o.
2, 3, 13, 29
List the prime factors of 80/(-38) + 2 + (-12074860)/(-532) + -8.
3, 2521
What are the prime factors of 29027 - 10/(10/(0 - 5))?
2, 19, 191
Let o be (-6364)/111*(14 + -2). Let d = o - -1836. List the prime factors of d.
2, 7, 41
Let r(d) = -5*d + 110. Let a be r(20). Suppose 0 = -a*i - 33*i + 29971. List the prime factors of i.
17, 41
Let j be 1/(-4 - ((-12859)/(-294))/(-11)). Let c(v) = -5*v**2 + 6*v. Let w be c(4). Let o = j - w. List the prime factors of o.
2, 7
Let t(r) = 1487*r - 1702. List the prime factors of t(5).
3, 7, 13
Let p be ((-26)/(-91))/(16/14 - 1). Suppose 0 = 2*y - 5 - 1. Suppose -345 = -p*x - y*x. List the prime factors of x.
3, 23
Let g = 430 + -843. Let o = 113 - g. List the prime factors of o.
2, 263
Let b = 50 + -52. Let v be 3 - -4 - (-10)/b. Suppose v*i = 2*d - 172, 3*d + 2*d = 3*i + 440. What are the prime factors of d?
7, 13
Suppose 3*n + 2*k = -2367, 2*n - 139 = -4*k - 1725. Let v = 1387 + n. What are the prime factors of v?
2, 3, 5
Let j(s) = -92*s**3 - 5*s - 5. Let n be (-4)/(-8)*(-1 - (5 - 2)). Let d be j(n). What are the prime factors of d/15 - 0 - 16/40?
7
Let z = -122 + 139. Suppose -2*r + b = z, -2*r = -2*b + 9 + 13. List the prime factors of ((-4)/r)/(-5 + (-2588)/(-516)).
43
Suppose -5*k + 50 - 30 = 0. What are the prime factors of (380/50)/(k/10)?
19
Suppose 6*n - 3*x = 10*n - 23295, -29111 = -5*n + 4*x. List the prime factors of n.
3, 647
Let n be ((-1365)/(-4))/((-41)/(-164)). Let y = 1959 - n. List the prime factors of y.
2, 3, 11
Let c(q) = -q + 13. Let r be c(4). Suppose -13 - r = -2*n. Suppose -4*j + 199 = n. What are the prime factors of j?
47
Suppose 13*p - 15*p = 8. Let l = 25 - -2. List the prime factors of ((-18)/l)/(p/1458).
3
Let v = -7695 + 35808. What are the prime factors of v?
3, 9371
Let r(q) = -6*q - 76. Let x be r(-13). Suppose -4*u + 152 = 5*d, -16*u + 15*u = x*d - 59. List the prime factors of d.
2, 7
Let i(z) = 7*z**2 + 5*z - 14. Let a(d) = -8*d**2 - 5*d + 15. Let y(g) = 6*a(g) + 7*i(g). Let m be y(6). Let n = 179 - m. List the prime factors of n.
11
Let r(t) = -22*t**2 - 36*t + 44*t - 92 - 23*t + t**3. List the prime factors of r(24).
2, 5, 7
Let k be 412/(-18) - (-12)/(-108). Let z = 422 + k. List the prime factors of z.
3, 7, 19
Suppose 133*j - 829440 = -43*j + 16*j. List the prime factors of j.
2, 3
Let c(f) = f**3 + f**2 - f + 29. Let j(q) = 3*q**2 + 3*q + 3. Let x be j(-3). Let u = x - 21. What are the prime factors of c(u)?
29
Suppose -56*w = -2*y - 51*w + 23872, 3*w = 6. List the prime factors of y.
11941
Suppose 16*d - 85721 = 82231. What are the prime factors of d?
3, 3499
Let z(g) = 6499*g + 183. List the prime factors of z(2).
7, 269
Let v be (-62 + 59)*3*2. What are the prime factors of (4/8)/((-3)/v) - -973?
2, 61
Let c = -8 + 36. Suppose 4*q + 2*w - 33 = -q, 2*w - c = -4*q. Let v(n) = 2*n**3 - 7*n**2 + n - 2. List the prime factors of v(q).
2, 3, 13
Let t = 84705 - 41023. What are the prime factors of t?
2, 21841
Let p(t) be the third derivative of t**5/10 - 3*t**4/8 + 25*t**3/3 + 140*t**2. What are the prime factors of p(10)?
2, 5, 7
What are the prime factors of (-386680)/(-24) - 38/57?
16111
Let m(y) be the third derivative of -y**4/3 + 10*y**3/3 + 36*y**2. Let x be m(0). What are the prime factors of (19 - x)*77*-2?
2, 7, 11
Suppose -225 = 8*u - 5*u. What are the prime factors of (495 - (-1 - 0)) + 0/u?
2, 31
Suppose -2812 = 971*f - 952*f. Let u be (-124)/(2 + (-3)/2). Let n = f - u. What are the prime factors of n?
2, 5
Let a(m) = 7*m**3 - 15*m**2 - 17*m + 18. Let z(n) = -19*n**3 + 45*n**2 + 51*n - 54. Let i(q) = 11*a(q) + 4*z(q). List the prime factors of i(-11).
3, 31
Let a be 1 + (-18120)/28 - 2/(-14). Let o = a + 883. List the prime factors of o.
3, 79
Let z(b) = -41375*b**3 + 13*b + 12. List the prime factors of z(-1).
2, 137, 151
Let t(w) = -240*w + 20. Suppose -4*f = 433 - 413. What are the prime factors of t(f)?
2, 5, 61
Let b be 8/(-6)*(11 - 14). What are the prime factors of 2*(-13 + 18)*122/b?
5, 61
Let l(f) = 895*f - 194. List the prime factors of l(5).
3, 1427
Suppose 6*l = -0*l + 30. Let d = 536 + l. List the prime factors of d.
541
Suppose 2*y - 20 = 5*v - 0*y, -4*v + 5*y - 16 = 0. Let b be 3/((-8)/(-32) + 7/v). List the prime factors of b/(-10) + 3290/50.
2, 3, 11
Let f = 343 + -178. Suppose -8*m = -9*m + f. List the prime factors of (6/(-5)*1)/((-3)/m).
2, 3, 11
List the prime factors of (-477 + 2 - -1)/(3/(-6)).
2, 3, 79
Suppose 0 = -4*r + 4*n - 16, -4*n + 20 = 4*r + n. Suppose -5*d + 467 - 176 = p, 4*d + 2*p - 234 = r. Let c = 22 + d. What are the prime factors of c?
2, 5
Suppose -6*p + 4*p = -248. Let m be 6/42 + p/14. Suppose 4*g = 4*n + 4 - 20, 4*g = -n + m. What are the prime factors of n?
5
Let l = -36533 - -51266. List the prime factors of l.
3, 1637
Suppose 0 = w + 5*z - 8829, -2*z + 25174 = 5*w - 19040. List the prime factors of w.
2, 3, 11, 67
Let h(s) = -s**2 - 6*s + 4. Let n be -2*(0/4 + 3). Let j be h(n). Suppose -j*f = 4*o - 0*o - 320, -132 = -2*f + 5*o. List the prime factors of f.
2, 19
Let u = 11383 + -9004. What are the prime factors of u?
3, 13, 61
Let z(q) = -q**3 + 10*q**2 - 3*q + 19. Suppose 0 = -2*h - 12*h - 252. Let w = -11 - h. What are the prime factors of z(w)?
5, 29
List the prime factors of (-71962)/(-3) - (-1 - -9)/(5 - -1).
2, 67, 179
Let w(b) = 222*b**2 + 19*b + 2. What are the prime factors of w(6)?
2, 2027
What are the prime factors of (2*(-30)/(-40))/((-139635)/(-46542) + -3)?
7757
Let w(i) = -i**2 + 156*i + 885. What are the prime factors of w(131)?
2, 5, 13
Suppose 24 = 4*s + l, -3*s + 21 = -5*l + 3. Suppose 290 = -c + s*c. List the prime factors of c.
2, 29
Let x(v) = v**3 - 11*v**2 + 3*v - 24. Let b be x(11). Suppose -b*w = -6*w - 18. What are the prime factors of 1/w + 1113/18?
2, 31
Let p = -103 - -110. Suppose 3*l - p*l + 536 = 0. List the prime factors of l.
2, 67
List the prime factors of ((-420350)/(-700))/(2/252).
3, 7, 1201
Suppose z = -22 + 11. Let q = z + 17. List the prime factors of q*(-3)/6 + 17.
2, 7
Let r = -2792 + 7788. What are the prime factors of r?
2, 1249
Let p(c) = -c**3 + 14*c + 11 - 13*c - 15*c - 16*c**2. Let j be p(-15). List the prime factors of j/(-3) - 6/(-9).
2
Suppose 0*g = 2*g - 10, 3*f = -5*g + 601. Suppose 0 = -18*k + 21*k + f. What are the prime factors of (-2256)/k - 6/(-8)?
2, 3
Let g(f) = 7*f**2 - 78*f - 720. What are the prime factors of g(31)?
37, 97
Let h be (-2 - -3)*1*0. Suppose h = 4*j - 0*j + 24. Let r(i) = i**3 + 5*i**2 - 6*i + 7. What are the prime factors of r(j)?
7
Let p = 72466 - 28771. Let u be (-8)/(-44) + (p/(-33))/(-5). Suppose -2*g + u = -o - 130, 4*g + o = 799. List the prime factors of g.
199
Let b = -8656 - -15058. List the prime factors of b.
2, 3, 11, 97
Let t(m) = -8501*m**2 + 4252*m**2 + 4260*m**2 - 2 - 3 - 4*m. Suppose -2*l + 16 = 2*l. What are the prime factors of t(l)?
5, 31
Let o(k) = 4*k**2 - 35*k + 12. Let y(v) = 3*v - 52. Let a be y(22). List the prime factors of o(a).
2, 3, 17
Let r = 5446 - 3646. List the prime factors of r.
2, 3, 5
Let p(d) = 10